 of 1417?
1
What is the thousands digit of 78954?
8
What is the thousands digit of 66927?
6
What is the hundreds digit of 490?
4
What is the units digit of 822?
2
What is the ten thousands digit of 19525?
1
What is the thousands digit of 3483?
3
What is the hundreds digit of 18846?
8
What is the thousands digit of 26087?
6
What is the ten thousands digit of 39322?
3
What is the thousands digit of 27939?
7
What is the tens digit of 66111?
1
What is the tens digit of 6432?
3
What is the hundreds digit of 11547?
5
What is the hundreds digit of 1520?
5
What is the units digit of 612?
2
What is the ten thousands digit of 38513?
3
What is the tens digit of 9318?
1
What is the thousands digit of 19829?
9
What is the hundreds digit of 998?
9
What is the hundreds digit of 22858?
8
What is the tens digit of 3401?
0
What is the thousands digit of 3935?
3
What is the hundreds digit of 3445?
4
What is the units digit of 26650?
0
What is the hundreds digit of 2904?
9
What is the tens digit of 24395?
9
What is the units digit of 4868?
8
What is the units digit of 502?
2
What is the hundreds digit of 2831?
8
What is the units digit of 2556?
6
What is the units digit of 3548?
8
What is the units digit of 38242?
2
What is the units digit of 4257?
7
What is the hundreds digit of 1447?
4
What is the tens digit of 28?
2
What is the hundreds digit of 432?
4
What is the ten thousands digit of 191062?
9
What is the tens digit of 1532?
3
What is the hundreds digit of 153747?
7
What is the tens digit of 829?
2
What is the ten thousands digit of 23263?
2
What is the units digit of 25448?
8
What is the ten thousands digit of 12217?
1
What is the units digit of 64761?
1
What is the hundreds digit of 832?
8
What is the units digit of 1185?
5
What is the hundreds digit of 243?
2
What is the units digit of 15209?
9
What is the units digit of 23554?
4
What is the tens digit of 2536?
3
What is the tens digit of 1714?
1
What is the thousands digit of 1868?
1
What is the hundreds digit of 1454?
4
What is the ten thousands digit of 73652?
7
What is the hundreds digit of 1228?
2
What is the thousands digit of 1149?
1
What is the thousands digit of 17808?
7
What is the units digit of 322?
2
What is the units digit of 1482?
2
What is the tens digit of 145?
4
What is the hundreds digit of 6302?
3
What is the tens digit of 1151?
5
What is the tens digit of 2537?
3
What is the ten thousands digit of 102302?
0
What is the ten thousands digit of 184893?
8
What is the units digit of 110224?
4
What is the ten thousands digit of 10778?
1
What is the thousands digit of 2812?
2
What is the tens digit of 41753?
5
What is the tens digit of 225?
2
What is the tens digit of 5520?
2
What is the units digit of 6924?
4
What is the tens digit of 4763?
6
What is the units digit of 456?
6
What is the tens digit of 725?
2
What is the hundreds digit of 3594?
5
What is the units digit of 2037?
7
What is the units digit of 35?
5
What is the tens digit of 56944?
4
What is the tens digit of 39851?
5
What is the tens digit of 3147?
4
What is the units digit of 15935?
5
What is the ten thousands digit of 153289?
5
What is the tens digit of 4389?
8
What is the units digit of 525?
5
What is the units digit of 9559?
9
What is the units digit of 8126?
6
What is the hundreds digit of 3192?
1
What is the units digit of 1528?
8
What is the hundreds digit of 44701?
7
What is the units digit of 61468?
8
What is the tens digit of 10406?
0
What is the thousands digit of 155063?
5
What is the ten thousands digit of 17590?
1
What is the units digit of 1609?
9
What is the tens digit of 7004?
0
What is the ten thousands digit of 53097?
5
What is the hundreds digit of 55090?
0
What is the thousands digit of 91988?
1
What is the hundreds digit of 998?
9
What is the hundreds digit of 4049?
0
What is the thousands digit of 1672?
1
What is the tens digit of 12689?
8
What is the hundreds digit of 7351?
3
What is the units digit of 454?
4
What is the thousands digit of 2110?
2
What is the hundreds digit of 761?
7
What is the units digit of 9953?
3
What is the hundreds digit of 30994?
9
What is the hundreds digit of 27655?
6
What is the tens digit of 8887?
8
What is the units digit of 2282?
2
What is the tens digit of 353?
5
What is the hundreds digit of 3933?
9
What is the ten thousands digit of 46265?
4
What is the hundreds digit of 10412?
4
What is the tens digit of 1078?
7
What is the hundreds digit of 755?
7
What is the units digit of 795?
5
What is the thousands digit of 2271?
2
What is the tens digit of 710?
1
What is the tens digit of 4599?
9
What is the units digit of 2161?
1
What is the thousands digit of 1295?
1
What is the tens digit of 4016?
1
What is the hundreds digit of 194116?
1
What is the tens digit of 10377?
7
What is the units digit of 62185?
5
What is the ten thousands digit of 14450?
1
What is the units digit of 3537?
7
What is the hundreds digit of 13700?
7
What is the hundreds digit of 360?
3
What is the units digit of 7148?
8
What is the thousands digit of 1621?
1
What is the ten thousands digit of 30547?
3
What is the tens digit of 521?
2
What is the tens digit of 9875?
7
What is the hundreds digit of 52183?
1
What is the hundreds digit of 77155?
1
What is the tens digit of 4156?
5
What is the hundreds digit of 8112?
1
What is the units digit of 2037?
7
What is the hundreds digit of 729?
7
What is the hundreds digit of 1476?
4
What is the hundreds digit of 648?
6
What is the units digit of 3060?
0
What is the hundreds digit of 2436?
4
What is the units digit of 159916?
6
What is the ten thousands digit of 30631?
3
What is the thousands digit of 2996?
2
What is the ten thousands digit of 42214?
4
What is the ten thousands digit of 65344?
6
What is the hundreds digit of 3818?
8
What is the tens digit of 4521?
2
What is the thousands digit of 8727?
8
What is the tens digit of 33954?
5
What is the thousands digit of 9416?
9
What is the thousands digit of 1151?
1
What is the thousands digit of 3426?
3
What is the hundreds digit of 21567?
5
What is the thousands digit of 23170?
3
What is the hundreds digit of 785?
7
What is the thousands digit of 27428?
7
What is the thousands digit of 1085?
1
What is the tens digit of 3105?
0
What is the thousands digit of 47749?
7
What is the ten thousands digit of 79437?
7
What is the tens digit of 6400?
0
What is the hundred thousands digit of 151798?
1
What is the thousands digit of 3998?
3
What is the hundreds digit of 808?
8
What is the units digit of 31369?
9
What is the ten thousands digit of 37361?
3
What is the tens digit of 9683?
8
What is the hundreds digit of 15319?
3
What is the thousands digit of 13774?
3
What is the units digit of 73795?
5
What is the ten thousands digit of 17013?
1
What is the units digit of 187?
7
What is the ten thousands digit of 78870?
7
What is the tens digit of 16927?
2
What is the thousands digit of 6542?
6
What is the hundreds digit of 47073?
0
What is the tens digit of 1826?
2
What is the hundreds digit of 42333?
3
What is the units digit of 32665?
5
What is the thousands digit of 53054?
3
What is the tens digit of 109?
0
What is the thousands digit of 1502?
1
What is the hundreds digit of 164?
1
What is the ten thousands digit of 28334?
2
What is the units digit of 332?
2
What is the units digit of 64626?
6
What is the units digit of 29?
9
What is the hundreds digit of 23013?
0
What is the hundreds digit of 9977?
9
What is the units digit of 4893?
3
What is the tens digit of 5376?
7
What is the units digit of 4663?
3
What is the tens digit of 6201?
0
What is the hundreds digit of 2464?
4
What is the tens digit of 325?
2
What is the thousands digit of 10941?
0
What is the tens digit of 170895?
9
What is the units digit of 968?
8
What is the units digit of 191?
1
What is the hundreds digit of 76333?
3
What is the hundreds digit of 117701?
7
What is the thousands digit of 2534?
2
What is the tens digit of 114?
1
What is the tens digit of 440?
4
What is the units digit of 5546?
6
What is the units digit of 4177?
7
What is the hundreds digit of 466?
4
What is the tens digit of 132001?
0
What is the tens digit of 15?
1
What is the units digit of 24464?
4
What is the units digit of 39302?
2
What is the thousands digit of 6555?
6
What is